.
2
Let h(u) = u**2 + 5*u - 12. Let o(y) = -y**2 - 30*y - 228. Let m be o(-17). Calculate h(m).
2
Let r(j) = 3*j**2 + 20*j - 37. Let q be r(22). Suppose q*y + 24 = 1851*y. Let o(t) = -t**3 - 7*t**2 - 2*t + 1. Determine o(y).
-23
Let x(q) = q**3 + 5*q**2 + 3*q + 5. Let n(i) = -i**3 + 19*i**2 - 33*i - 14. Let j be n(17). Suppose 9*r - j = -39. Calculate x(r).
9
Let g(l) = -l**3 + 12*l**2 - 2*l - 10. Let m be g(8). Suppose 7*w - 582 = m. Let n = w - 110. Let r(d) = d**2 - 8*d + 8. Give r(n).
-4
Let q(k) = 1137*k - 4560. Let v be q(4). Let c(w) = 6*w - 17 + 2*w + w + w**2. Determine c(v).
19
Let f = -2939 - -2962. Let j = -2 - -6. Suppose -s = -j*s - 9, c - f = 5*s. Let w(m) = m - 3. What is w(c)?
5
Let u be (-972)/(-20) + (-6)/10. Let h = -45 + u. Let b(x) = 6*x**2 + 11*x**2 - 3*x - 16*x**2 - 3*x + h. Determine b(7).
10
Let b(z) = z**3 - 109*z**2 + 215*z - 105. Let f be b(107). Let u(g) be the first derivative of 5*g**4/4 + 2*g**3/3 - 3*g**2/2 + g - 11. Calculate u(f).
43
Let r(v) = -41*v + 1851. Let z be r(45). Let t(x) be the second derivative of x**3/3 - 3*x**2/2 + x. What is t(z)?
9
Suppose -65*c - 24 = -66*c. Suppose 2*i - 3*v = i - 10, 4*i - c = -4*v. Let s(o) = 4*o**3. What is s(i)?
32
Let w(n) = -n**2 + 44*n + 6. Let f(o) = 44*o + 6. Let m(i) = -4*f(i) + 5*w(i). Let y(b) = b**2 - 11*b - 2. Let d(j) = 2*m(j) + 9*y(j). Give d(-7).
22
Let p(u) be the third derivative of -u**5/20 + 17*u**4/24 + u**3/6 - 1309*u**2. Determine p(5).
11
Let m(c) = 14*c**3 + c**2. Let a(h) = 34 - 11 - 8 - 5 + h**2 - 6*h. Let f be a(3). Calculate m(f).
15
Let l(r) be the second derivative of 7*r**3/6 + 177*r**2/2 + 506*r - 1. What is l(-25)?
2
Let y be 2/(-9) + 26/117. Let p(w) = y + 2*w + 2 - 8. What is p(5)?
4
Let y(f) be the second derivative of 7*f**5/20 - f**4/6 - 2*f**3/3 - f**2 + 9*f + 15. Give y(-2).
-58
Let x(h) = -38*h**3 + 11*h**2 + 10*h + 40. Let o(b) = -33*b**3 + 11*b**2 + 9*b + 36. Let r(g) = 7*o(g) - 6*x(g). What is r(5)?
-73
Let u(z) = 3*z - 11. Let q(s) = -s + 7. Let h(d) = -5*q(d) - 2*u(d). Determine h(-13).
0
Let h(w) be the second derivative of -w**4/6 - 2*w**3 - 2*w**2 - 3*w + 142. Determine h(-6).
-4
Let k(f) = -86*f - 3. Let c(a) = 38*a + 2. Let y(w) = 7*c(w) + 3*k(w). Give y(-1).
-3
Let o(a) be the second derivative of -11/6*a**4 + 0 + 0*a**2 + 142*a + 0*a**3. Calculate o(-1).
-22
Suppose 0 = -10276*z + 10245*z - 248. Let c(y) = y**2 + 9*y + 12. Give c(z).
4
Let d = -2816 - -2806. Let c(i) = -i**3 - 11*i**2 - 9*i + 10. Determine c(d).
0
Let i be (-372)/403*(-26)/4. Let x(t) = 0*t + 0*t - t - 2. Determine x(i).
-8
Let v(y) = 1129*y + 2887. Let u(g) = 295*g + 962. Let o(f) = 7*u(f) - 2*v(f). Calculate o(5).
-5
Suppose -520 = -88*n - 105*n + 63*n. Let s(p) = p**2 + p - 24. Give s(n).
-4
Let p(v) = 2*v**3 + v - 66. Suppose -129*q = -97*q. Determine p(q).
-66
Let r(c) be the second derivative of -c**5/120 - 5*c**4/12 - 4*c**3/3 - c**2/2 - 58*c + 2. Let o(i) be the second derivative of r(i). What is o(-7)?
-3
Let r(v) = 0*v + 125 + 3*v**2 + 117 + 120 - 357 + 60*v. Determine r(-20).
5
Let l(t) be the second derivative of t**5/120 - 95*t**3/6 - 5*t + 1. Let h(v) be the second derivative of l(v). Give h(1).
1
Let w = 13876 + -13866. Let r(j) = -5*j + 37. Determine r(w).
-13
Let p(w) = w + 2. Let j = -52 + 53. Suppose 2*l + j = 3*y - 16, 0 = y - 5. Let u be (-16)/(-4) + l + 1/(-1). Determine p(u).
4
Let x(d) be the third derivative of -d**7/2520 + 7*d**6/360 + 11*d**5/60 - 179*d**4/24 - 83*d**2 - 1. Let r(p) be the second derivative of x(p). Give r(15).
7
Let o(t) = -8*t - 6. Suppose 3*c = -s - 19, 0 = -3*s + 2*c + 9. Determine o(s).
2
Let z(p) = -2*p**2 + 2*p - 1. Let h(d) = -13*d**2 + 4*d - 11. Let j(g) = -2*h(g) + 14*z(g). Let m(v) be the first derivative of j(v). Determine m(9).
-16
Let q(j) = 33*j**3 + 35*j**2 + 68*j - 11. Let a(b) = -16*b**3 + b**2 + b + 3. Let t(s) = -2*a(s) - q(s). Determine t(-35).
5
Let h(u) = 7*u - 8. Let s be (-700)/15 + (-9)/27. Let w be ((-3)/2 + 0)*(s - -43). What is h(w)?
34
Let f be ((-18)/15)/(21/(-490)). Let h = f + -25. Suppose 10*b = 7*b + h. Let v(i) = 7*i**2 + 1. What is v(b)?
8
Let o(w) = -8 - 50*w - 19 + 56*w. Let v be o(8). Let n = -15 + v. Let a(l) = -l**3 + 6*l**2 + 8. Give a(n).
8
Let l(z) = -z - 14. Let b(o) = -5*o - 52. Let m be b(-10). Let i be (-1 - -1)/((-1)/(m/4)). What is l(i)?
-14
Let x(v) = 6*v + 102. Let p be x(-17). Let l(s) = 0*s - s - 9*s**3 - s - 1 + p*s**3. Give l(-1).
10
Let z be -1*255/6 - 6/4. Let g = -22 - z. Suppose -g*x = -19*x + 24. Let o(y) = -y - 3. Calculate o(x).
5
Let y(b) be the second derivative of 0*b**2 - 224*b + 0 - 1/6*b**3 - 2/3*b**4. Let u(a) = a + 1. Let l be u(0). What is y(l)?
-9
Suppose -3 = 7*r + 4. Let j(h) = 9882 - 9883 - 2*h**2 + h**2 + h. Let z(u) = -u**2 + 5*u - 3. Let q(s) = r*z(s) + 2*j(s). Determine q(-5).
-9
Let d(k) be the second derivative of 2*k + 2*k**2 - 1/3*k**3 - 47. What is d(7)?
-10
Let b(d) = -d**3 + 15*d**2 - 11*d - 31. Suppose -1046 = 7*j - 517 - 627. Determine b(j).
11
Let h(j) = 7*j - 40. Let a(u) = 8*u - 45. Let c be (1 - (-4)/(-8))/((-3)/24). Let n(i) = c*h(i) + 3*a(i). Determine n(6).
1
Let n(d) be the first derivative of 1/24*d**5 + 17 + 1/12*d**4 + 4*d**3 + 0*d**2 + 0*d + 1/180*d**6. Let r(f) be the third derivative of n(f). What is r(-3)?
5
Let n(c) = c**2 + 6*c - 8. Let z be n(-7). Let j(r) be the first derivative of 5/3*r**3 + 1/2*r**2 - 13 + r. Determine j(z).
5
Let u(w) = -10*w + 1. Let q(i) = -16*i - 50. Let c(l) = q(l) - 2*u(l). Give c(13).
0
Let j(z) = 3*z**2 - 29*z - 9. Suppose 4*p = -l + 10, 0 = 5*l - p - 22 - 28. Let n be j(l). Let k(m) = 4*m**3 + m**2 - 2*m + 1. What is k(n)?
4
Suppose -4*a - 32 = 5*w, -2*w = -3*w - 2*a - 10. Let y(z) = -4 - z**2 - 21*z + 8 - 10 + 15*z. Calculate y(w).
2
Let t(j) = j**3 - j**2 - j + 1. Suppose -2*o + 16 = -26. Let c(w) = 2*w**3 + w**3 + 19*w**2 + 12 - 4 - 2*w - o*w**2. Let b(f) = c(f) - 2*t(f). What is b(0)?
6
Suppose -2*n + n - 2*v - 4 = 0, 3*n + v + 37 = 0. Let m(x) = -2*x + 16. Let t(c) = 4*c - 19. Let s(z) = 3*m(z) + 2*t(z). Calculate s(n).
-18
Let h(m) = m**2 + 10*m + 8. Let l = 112 - 113. Let g be 0 - (-5 - (l + -10)). What is h(g)?
-16
Let d(t) = -13 + 4 + 176108*t - 176083*t. Give d(1).
16
Let h = -129278 - -129287. Let k(x) be the third derivative of -x**4/12 + 4*x**3/3 + x**2. Calculate k(h).
-10
Let k(b) be the first derivative of -5*b**2 - 64*b - 6726. What is k(-4)?
-24
Let p = -36467 - -36453. Let o(d) be the first derivative of -d**3/3 - 7*d**2 + 6*d - 1. What is o(p)?
6
Let f be (-125)/50*2*(2 - 3). Let m(o) be the second derivative of 0 + 9*o - 1/3*o**3 + 1/2*o**2. Calculate m(f).
-9
Let j(z) = -38*z + 18. Let t(l) = -19*l + 10. Let a(s) = -6*j(s) + 13*t(s). Let k(c) = 11*c - 11. Let w(n) = 3*a(n) + 5*k(n). What is w(8)?
-5
Let f(o) = 1 + 6*o - 18 + 4 - o + 0. Let u(n) = 0*n - 19 - 6 + 9*n. Let t(k) = -7*f(k) + 4*u(k). Give t(7).
-2
Let a(f) = -2*f - 5. Let t = -8 - -3. Let d be a(t). Let w(x) = x - 2. Let j(n) = n**2 - 13*n + 19. Let k(l) = j(l) + 6*w(l). Determine k(d).
-3
Suppose 0 = -3*c - 6*c + c. Suppose c = -5*x + 277 - 262. Let l(u) = u**2 - 6*u + 6. Determine l(x).
-3
Let y be (-1)/(17 - 24 - 1 - -9). Let n(u) be the first derivative of u**4 + 2*u**3/3 - u + 2. Determine n(y).
-3
Let m(v) = -2*v**2 - 31*v + 2. Let i be m(-16). Let f(a) = -a**2 - 14*a - 1. Determine f(i).
-1
Let c(d) = 2*d**2 + 16*d - 17. Let j be (-1)/(-6)*-32*(-15)/(-10). What is c(j)?
-17
Let z(d) = 6 - 4 + 226*d - 112*d - 117*d. Let i(g) = 17*g - 11. Let r(c) = -4*i(c) - 22*z(c). Give r(-1).
2
Let c(d) = 3*d + 70. Let y be ((38/3)/((-4)/(-12) + -1))/1. Calculate c(y).
13
Let c(f) be the third derivative of -f**6/120 + 2*f**5/15 - 5*f**4/24 + f**3/6 - 1084*f**2. Give c(7).
15
Suppose -16 = -a - 4*d, -5*d - 8 = a - 29. Let k(z) = z**3 + 2*z**2 - 2*z + 11. Determine k(a).
-13
Let x(f) be the second derivative of -f**3/3 + 13*f**2/2 - 2*f + 4254. Let z = -2 - 1. Let o = 12 + z. Give x(o).
-5
Let o(h) = h**3 - 8*h**2 + 10*h - 13. Let t be (-2 + 6)*((-10)/(240/102) - -6). What is o(t)?
8
Let t be (-3 - -4)/((-1)/(-2)). Let x be 6/t*((-16)/(-24) - -4). Let i(y) = 21 - y - 5 - y - x. Calculate i(3).
-4
Let r(i) be the first derivative of -i**2 - 54*i - 438. What is r(-31)?
8
Let t(h) = h**2 - 4*h - 6. 